{"id":6586,"date":"2023-08-15T21:44:40","date_gmt":"2023-08-15T19:44:40","guid":{"rendered":"https:\/\/old.b2com.africa\/?post_type=product&#038;p=6586"},"modified":"2023-08-15T22:26:28","modified_gmt":"2023-08-15T20:26:28","slug":"stylo-a-bille-athens","status":"publish","type":"product","link":"https:\/\/old.b2com.africa\/index.php\/product\/stylo-a-bille-athens\/","title":{"rendered":"Stylo \u00e0 bille Athens"},"content":{"rendered":"<p>Stylo \u00e9l\u00e9gant disponible en nombreuses couleurs printani\u00e8re. Avec clip rigide pour supporter votre logo.<\/p>\n<p>Equip\u00e9 d&#8217;une recharge Jumbo d&#8217;encre bleue.<\/p>\n<p>Dimension de marquage :<br \/>\nTampographie : 6 x 40 mm<br \/>\nDigital quadri : 10 x 37 mm (sur le clip uniquement)<\/p>\n<p><b>Impression:\u00a0<\/b>Tampographie<br \/>\n<b>Taille:\u00a0<\/b>7&#215;45 mm<br \/>\n<b>Couleurs d&#8217;impression maximales:\u00a0<\/b>4<br \/>\n<b>Logo vectoriel:\u00a0<\/b>Oui<\/p>\n<p><strong>Couleur d&#8217;encre :<\/strong> Bleue<br \/>\n<strong>Taille stylo :<\/strong> 147 x \u00d8 11 mm<br \/>\n<strong>Mati\u00e8re<\/strong> : ABS<br \/>\n<strong>Poids :<\/strong> 100 g<\/p>\n","protected":false},"excerpt":{"rendered":"<p>Stylo \u00e9l\u00e9gant disponible en nombreuses couleurs printani\u00e8re. Avec clip rigide pour supporter votre logo. Equip\u00e9 d&#8217;une recharge Jumbo d&#8217;encre bleue. Dimension de marquage : Tampographie : 6 x 40 mm Digital quadri : 10 x 37 mm (sur le clip uniquement) Impression:\u00a0Tampographie Taille:\u00a07&#215;45 mm Couleurs d&#8217;impression maximales:\u00a04 Logo vectoriel:\u00a0Oui Couleur d&#8217;encre : Bleue Taille stylo [&hellip;]<\/p>\n","protected":false},"author":5,"featured_media":6587,"comment_status":"open","ping_status":"closed","template":"","meta":{"content-type":""},"product_cat":[115,66,116],"product_tag":[],"_links":{"self":[{"href":"https:\/\/old.b2com.africa\/index.php\/wp-json\/wp\/v2\/product\/6586"}],"collection":[{"href":"https:\/\/old.b2com.africa\/index.php\/wp-json\/wp\/v2\/product"}],"about":[{"href":"https:\/\/old.b2com.africa\/index.php\/wp-json\/wp\/v2\/types\/product"}],"author":[{"embeddable":true,"href":"https:\/\/old.b2com.africa\/index.php\/wp-json\/wp\/v2\/users\/5"}],"replies":[{"embeddable":true,"href":"https:\/\/old.b2com.africa\/index.php\/wp-json\/wp\/v2\/comments?post=6586"}],"version-history":[{"count":2,"href":"https:\/\/old.b2com.africa\/index.php\/wp-json\/wp\/v2\/product\/6586\/revisions"}],"predecessor-version":[{"id":6603,"href":"https:\/\/old.b2com.africa\/index.php\/wp-json\/wp\/v2\/product\/6586\/revisions\/6603"}],"wp:featuredmedia":[{"embeddable":true,"href":"https:\/\/old.b2com.africa\/index.php\/wp-json\/wp\/v2\/media\/6587"}],"wp:attachment":[{"href":"https:\/\/old.b2com.africa\/index.php\/wp-json\/wp\/v2\/media?parent=6586"}],"wp:term":[{"taxonomy":"product_cat","embeddable":true,"href":"https:\/\/old.b2com.africa\/index.php\/wp-json\/wp\/v2\/product_cat?post=6586"},{"taxonomy":"product_tag","embeddable":true,"href":"https:\/\/old.b2com.africa\/index.php\/wp-json\/wp\/v2\/product_tag?post=6586"}],"curies":[{"name":"wp","href":"https:\/\/api.w.org\/{rel}","templated":true}]}}