{"id":6231,"date":"2023-08-10T10:47:43","date_gmt":"2023-08-10T08:47:43","guid":{"rendered":"https:\/\/old.b2com.africa\/?post_type=product&#038;p=6231"},"modified":"2023-08-10T10:47:43","modified_gmt":"2023-08-10T08:47:43","slug":"porte-cles-en-bois-carre","status":"publish","type":"product","link":"https:\/\/old.b2com.africa\/index.php\/product\/porte-cles-en-bois-carre\/","title":{"rendered":"Porte-cl\u00e9s en bois Carr\u00e9"},"content":{"rendered":"<p>Porte-cl\u00e9s en bois Carr\u00e9<\/p>\n","protected":false},"excerpt":{"rendered":"<p>Porte-cl\u00e9s en bois Carr\u00e9<\/p>\n","protected":false},"author":5,"featured_media":6097,"comment_status":"open","ping_status":"closed","template":"","meta":{"content-type":""},"product_cat":[137,66,131],"product_tag":[],"_links":{"self":[{"href":"https:\/\/old.b2com.africa\/index.php\/wp-json\/wp\/v2\/product\/6231"}],"collection":[{"href":"https:\/\/old.b2com.africa\/index.php\/wp-json\/wp\/v2\/product"}],"about":[{"href":"https:\/\/old.b2com.africa\/index.php\/wp-json\/wp\/v2\/types\/product"}],"author":[{"embeddable":true,"href":"https:\/\/old.b2com.africa\/index.php\/wp-json\/wp\/v2\/users\/5"}],"replies":[{"embeddable":true,"href":"https:\/\/old.b2com.africa\/index.php\/wp-json\/wp\/v2\/comments?post=6231"}],"version-history":[{"count":1,"href":"https:\/\/old.b2com.africa\/index.php\/wp-json\/wp\/v2\/product\/6231\/revisions"}],"predecessor-version":[{"id":6232,"href":"https:\/\/old.b2com.africa\/index.php\/wp-json\/wp\/v2\/product\/6231\/revisions\/6232"}],"wp:featuredmedia":[{"embeddable":true,"href":"https:\/\/old.b2com.africa\/index.php\/wp-json\/wp\/v2\/media\/6097"}],"wp:attachment":[{"href":"https:\/\/old.b2com.africa\/index.php\/wp-json\/wp\/v2\/media?parent=6231"}],"wp:term":[{"taxonomy":"product_cat","embeddable":true,"href":"https:\/\/old.b2com.africa\/index.php\/wp-json\/wp\/v2\/product_cat?post=6231"},{"taxonomy":"product_tag","embeddable":true,"href":"https:\/\/old.b2com.africa\/index.php\/wp-json\/wp\/v2\/product_tag?post=6231"}],"curies":[{"name":"wp","href":"https:\/\/api.w.org\/{rel}","templated":true}]}}