{"id":6219,"date":"2023-08-10T10:27:04","date_gmt":"2023-08-10T08:27:04","guid":{"rendered":"https:\/\/old.b2com.africa\/?post_type=product&#038;p=6219"},"modified":"2023-08-10T10:27:04","modified_gmt":"2023-08-10T08:27:04","slug":"cles-usb-carte-de-credit-rond","status":"publish","type":"product","link":"https:\/\/old.b2com.africa\/index.php\/product\/cles-usb-carte-de-credit-rond\/","title":{"rendered":"Cl\u00e9s USB Carte de cr\u00e9dit Rond"},"content":{"rendered":"<p>Cette cl\u00e9 USB publicitaire offre de nouvelles possibilit\u00e9s en termes de logo et d&#8217;image gr\u00e2ce \u00e0 sa forme ronde. Les 2 faces sont enti\u00e8rement personnalisable en quadri. . Ultra fine, vous la rangerez facilement dans votre portefeuille. Made in Europe, en plastique. Tarif de 8 Go \u00e0 64 Go.<\/p>\n<p>Ces cl\u00e9s USB en forme de cartes de cr\u00e9dits sont ultra-minces et peuvent \u00eatre imprim\u00e9es \u00e0 100% ! Elles ont le format d\u2019une carte de cr\u00e9dit standard. Le recto et le verso peuvent \u00eatre imprim\u00e9s en quadrichromie de haute qualit\u00e9.<\/p>\n<p>Packagings disponibles : Frame, Porte-Carte, Bo\u00eete transparente<\/p>\n<p>Couleurs : A vos couleurs<br \/>\nDimensions : Diam\u00e8tre 4.3 x 0.29 cm<br \/>\nMarquage : Quadri offset<br \/>\nQuantit\u00e9 minimum :25 exemplaires<\/p>\n","protected":false},"excerpt":{"rendered":"<p>Cette cl\u00e9 USB publicitaire offre de nouvelles possibilit\u00e9s en termes de logo et d&#8217;image gr\u00e2ce \u00e0 sa forme ronde. Les 2 faces sont enti\u00e8rement personnalisable en quadri. . Ultra fine, vous la rangerez facilement dans votre portefeuille. Made in Europe, en plastique. Tarif de 8 Go \u00e0 64 Go. Ces cl\u00e9s USB en forme de [&hellip;]<\/p>\n","protected":false},"author":5,"featured_media":6211,"comment_status":"open","ping_status":"closed","template":"","meta":{"content-type":""},"product_cat":[188,386,383,68],"product_tag":[],"_links":{"self":[{"href":"https:\/\/old.b2com.africa\/index.php\/wp-json\/wp\/v2\/product\/6219"}],"collection":[{"href":"https:\/\/old.b2com.africa\/index.php\/wp-json\/wp\/v2\/product"}],"about":[{"href":"https:\/\/old.b2com.africa\/index.php\/wp-json\/wp\/v2\/types\/product"}],"author":[{"embeddable":true,"href":"https:\/\/old.b2com.africa\/index.php\/wp-json\/wp\/v2\/users\/5"}],"replies":[{"embeddable":true,"href":"https:\/\/old.b2com.africa\/index.php\/wp-json\/wp\/v2\/comments?post=6219"}],"version-history":[{"count":1,"href":"https:\/\/old.b2com.africa\/index.php\/wp-json\/wp\/v2\/product\/6219\/revisions"}],"predecessor-version":[{"id":6221,"href":"https:\/\/old.b2com.africa\/index.php\/wp-json\/wp\/v2\/product\/6219\/revisions\/6221"}],"wp:featuredmedia":[{"embeddable":true,"href":"https:\/\/old.b2com.africa\/index.php\/wp-json\/wp\/v2\/media\/6211"}],"wp:attachment":[{"href":"https:\/\/old.b2com.africa\/index.php\/wp-json\/wp\/v2\/media?parent=6219"}],"wp:term":[{"taxonomy":"product_cat","embeddable":true,"href":"https:\/\/old.b2com.africa\/index.php\/wp-json\/wp\/v2\/product_cat?post=6219"},{"taxonomy":"product_tag","embeddable":true,"href":"https:\/\/old.b2com.africa\/index.php\/wp-json\/wp\/v2\/product_tag?post=6219"}],"curies":[{"name":"wp","href":"https:\/\/api.w.org\/{rel}","templated":true}]}}