{"id":6216,"date":"2023-08-10T10:22:15","date_gmt":"2023-08-10T08:22:15","guid":{"rendered":"https:\/\/old.b2com.africa\/?post_type=product&#038;p=6216"},"modified":"2023-08-10T10:26:32","modified_gmt":"2023-08-10T08:26:32","slug":"cles-usb-carte-de-credit-carre","status":"publish","type":"product","link":"https:\/\/old.b2com.africa\/index.php\/product\/cles-usb-carte-de-credit-carre\/","title":{"rendered":"Cl\u00e9s USB Carte de cr\u00e9dit Carr\u00e9"},"content":{"rendered":"<p>Cette<strong>\u00a0cl\u00e9s usb publicitaire<\/strong> en forme de carte de cr\u00e9dit constitue un support petit et tr\u00e8s fin. Les 2 faces sont enti\u00e8rement personnalisable en quadri. . Ultra fine, vous la rangerez facilement dans votre portefeuille. Made in Europe, en plastique.. Tarif de 8 Go \u00e0 64 Go.<\/p>\n<p>Ces cl\u00e9s USB en forme de cartes de cr\u00e9dits sont ultra-minces et peuvent \u00eatre imprim\u00e9es \u00e0 100% ! Elles ont le format d\u2019une carte de cr\u00e9dit standard. Le recto et le verso peuvent \u00eatre imprim\u00e9s en quadrichromie de haute qualit\u00e9.<\/p>\n<p>Packagings disponibles : Frame, Porte-Carte, Bo\u00eete transparente<\/p>\n<p>Couleurs : A vos couleurs<br \/>\nDimensions : 4 x 4 x 0.2 cm<br \/>\nMarquage : Quadri offset<br \/>\nQuantit\u00e9 minimum :25 exemplaires<\/p>\n","protected":false},"excerpt":{"rendered":"<p>Cette\u00a0cl\u00e9s usb publicitaire en forme de carte de cr\u00e9dit constitue un support petit et tr\u00e8s fin. Les 2 faces sont enti\u00e8rement personnalisable en quadri. . Ultra fine, vous la rangerez facilement dans votre portefeuille. Made in Europe, en plastique.. Tarif de 8 Go \u00e0 64 Go. Ces cl\u00e9s USB en forme de cartes de cr\u00e9dits [&hellip;]<\/p>\n","protected":false},"author":5,"featured_media":6214,"comment_status":"open","ping_status":"closed","template":"","meta":{"content-type":""},"product_cat":[188,386,383,68],"product_tag":[],"_links":{"self":[{"href":"https:\/\/old.b2com.africa\/index.php\/wp-json\/wp\/v2\/product\/6216"}],"collection":[{"href":"https:\/\/old.b2com.africa\/index.php\/wp-json\/wp\/v2\/product"}],"about":[{"href":"https:\/\/old.b2com.africa\/index.php\/wp-json\/wp\/v2\/types\/product"}],"author":[{"embeddable":true,"href":"https:\/\/old.b2com.africa\/index.php\/wp-json\/wp\/v2\/users\/5"}],"replies":[{"embeddable":true,"href":"https:\/\/old.b2com.africa\/index.php\/wp-json\/wp\/v2\/comments?post=6216"}],"version-history":[{"count":2,"href":"https:\/\/old.b2com.africa\/index.php\/wp-json\/wp\/v2\/product\/6216\/revisions"}],"predecessor-version":[{"id":6218,"href":"https:\/\/old.b2com.africa\/index.php\/wp-json\/wp\/v2\/product\/6216\/revisions\/6218"}],"wp:featuredmedia":[{"embeddable":true,"href":"https:\/\/old.b2com.africa\/index.php\/wp-json\/wp\/v2\/media\/6214"}],"wp:attachment":[{"href":"https:\/\/old.b2com.africa\/index.php\/wp-json\/wp\/v2\/media?parent=6216"}],"wp:term":[{"taxonomy":"product_cat","embeddable":true,"href":"https:\/\/old.b2com.africa\/index.php\/wp-json\/wp\/v2\/product_cat?post=6216"},{"taxonomy":"product_tag","embeddable":true,"href":"https:\/\/old.b2com.africa\/index.php\/wp-json\/wp\/v2\/product_tag?post=6216"}],"curies":[{"name":"wp","href":"https:\/\/api.w.org\/{rel}","templated":true}]}}