{"id":5726,"date":"2023-08-08T00:25:07","date_gmt":"2023-08-07T22:25:07","guid":{"rendered":"https:\/\/old.b2com.africa\/?post_type=product&#038;p=5726"},"modified":"2023-08-08T00:45:17","modified_gmt":"2023-08-07T22:45:17","slug":"blocs-notes-encolles","status":"publish","type":"product","link":"https:\/\/old.b2com.africa\/index.php\/product\/blocs-notes-encolles\/","title":{"rendered":"Blocs-notes encoll\u00e9s"},"content":{"rendered":"<p>Vos id\u00e9es se bousculent dans votre t\u00eate et vous ne pouvez pas tout retenir ?<\/p>\n<p>Vos notes ou vos id\u00e9es de projets sont souvent \u00e9parpill\u00e9es sur des bouts de feuilles ou dans les entrailles de votre smartphone ?<\/p>\n<p>D\u00e9couvrez le bloc-notes avec reliure avec encollage et ne perdez plus une seule de vos brillantes trouvailles !<\/p>\n<p>L&#8217;heureux propri\u00e9taire du bloc-notes encoll\u00e9 pourra toujours l&#8217;avoir \u00e0 port\u00e9e de main pour r\u00e9diger sa &#8220;to do list&#8221;. Le design minimaliste et raffin\u00e9 de ce bloc-notes encoll\u00e9 personnalis\u00e9 vous permettra d\u2019attirer \u00e9galement les regards et d\u2019exposer votre logo ou le nom de votre entreprise au plus grand nombre.<\/p>\n<p>Disponible en divers formats, aux feuilles imprimables et personnalisables<\/p>\n","protected":false},"excerpt":{"rendered":"<h1 class=\"title-small\">Personnalisez vos bloc-notes : accessoires de bureau &amp; goodies<\/h1>\n","protected":false},"author":5,"featured_media":5730,"comment_status":"open","ping_status":"closed","template":"","meta":{"content-type":""},"product_cat":[86,64,71],"product_tag":[],"_links":{"self":[{"href":"https:\/\/old.b2com.africa\/index.php\/wp-json\/wp\/v2\/product\/5726"}],"collection":[{"href":"https:\/\/old.b2com.africa\/index.php\/wp-json\/wp\/v2\/product"}],"about":[{"href":"https:\/\/old.b2com.africa\/index.php\/wp-json\/wp\/v2\/types\/product"}],"author":[{"embeddable":true,"href":"https:\/\/old.b2com.africa\/index.php\/wp-json\/wp\/v2\/users\/5"}],"replies":[{"embeddable":true,"href":"https:\/\/old.b2com.africa\/index.php\/wp-json\/wp\/v2\/comments?post=5726"}],"version-history":[{"count":1,"href":"https:\/\/old.b2com.africa\/index.php\/wp-json\/wp\/v2\/product\/5726\/revisions"}],"predecessor-version":[{"id":5729,"href":"https:\/\/old.b2com.africa\/index.php\/wp-json\/wp\/v2\/product\/5726\/revisions\/5729"}],"wp:featuredmedia":[{"embeddable":true,"href":"https:\/\/old.b2com.africa\/index.php\/wp-json\/wp\/v2\/media\/5730"}],"wp:attachment":[{"href":"https:\/\/old.b2com.africa\/index.php\/wp-json\/wp\/v2\/media?parent=5726"}],"wp:term":[{"taxonomy":"product_cat","embeddable":true,"href":"https:\/\/old.b2com.africa\/index.php\/wp-json\/wp\/v2\/product_cat?post=5726"},{"taxonomy":"product_tag","embeddable":true,"href":"https:\/\/old.b2com.africa\/index.php\/wp-json\/wp\/v2\/product_tag?post=5726"}],"curies":[{"name":"wp","href":"https:\/\/api.w.org\/{rel}","templated":true}]}}