{"id":5570,"date":"2023-08-04T12:25:35","date_gmt":"2023-08-04T10:25:35","guid":{"rendered":"https:\/\/old.b2com.africa\/?post_type=product&#038;p=5570"},"modified":"2023-08-06T02:37:51","modified_gmt":"2023-08-06T00:37:51","slug":"calendriers-marque-page","status":"publish","type":"product","link":"https:\/\/old.b2com.africa\/index.php\/product\/calendriers-marque-page\/","title":{"rendered":"Calendrier marque-page"},"content":{"rendered":"<p>Ne laissez plus personne tourner la page sur votre marque !<\/p>\n<p>Choisissez le calendrier marque-page personnalis\u00e9 et restez pr\u00e9sent aupr\u00e8s de vos prospects tout au long de l\u2019ann\u00e9e !<\/p>\n<p>Ce support de communication ludique et original fera parler de vous et augmentera votre visibilit\u00e9.<\/p>\n<p>Vous pourrez y ins\u00e9rer votre logo et vos propres illustrations mais \u00e9galement le personnaliser avec vos couleurs afin de vous l\u2019approprier et le rendre unique.<\/p>\n","protected":false},"excerpt":{"rendered":"<h1 class=\"title-small\">Le calendrier marque-page 2024 : un haut potentiel de visibilit\u00e9.<\/h1>\n","protected":false},"author":5,"featured_media":5261,"comment_status":"open","ping_status":"closed","template":"","meta":{"content-type":""},"product_cat":[96,64,72],"product_tag":[],"_links":{"self":[{"href":"https:\/\/old.b2com.africa\/index.php\/wp-json\/wp\/v2\/product\/5570"}],"collection":[{"href":"https:\/\/old.b2com.africa\/index.php\/wp-json\/wp\/v2\/product"}],"about":[{"href":"https:\/\/old.b2com.africa\/index.php\/wp-json\/wp\/v2\/types\/product"}],"author":[{"embeddable":true,"href":"https:\/\/old.b2com.africa\/index.php\/wp-json\/wp\/v2\/users\/5"}],"replies":[{"embeddable":true,"href":"https:\/\/old.b2com.africa\/index.php\/wp-json\/wp\/v2\/comments?post=5570"}],"version-history":[{"count":2,"href":"https:\/\/old.b2com.africa\/index.php\/wp-json\/wp\/v2\/product\/5570\/revisions"}],"predecessor-version":[{"id":5706,"href":"https:\/\/old.b2com.africa\/index.php\/wp-json\/wp\/v2\/product\/5570\/revisions\/5706"}],"wp:featuredmedia":[{"embeddable":true,"href":"https:\/\/old.b2com.africa\/index.php\/wp-json\/wp\/v2\/media\/5261"}],"wp:attachment":[{"href":"https:\/\/old.b2com.africa\/index.php\/wp-json\/wp\/v2\/media?parent=5570"}],"wp:term":[{"taxonomy":"product_cat","embeddable":true,"href":"https:\/\/old.b2com.africa\/index.php\/wp-json\/wp\/v2\/product_cat?post=5570"},{"taxonomy":"product_tag","embeddable":true,"href":"https:\/\/old.b2com.africa\/index.php\/wp-json\/wp\/v2\/product_tag?post=5570"}],"curies":[{"name":"wp","href":"https:\/\/api.w.org\/{rel}","templated":true}]}}