{"id":5491,"date":"2023-08-04T00:39:53","date_gmt":"2023-08-03T22:39:53","guid":{"rendered":"https:\/\/old.b2com.africa\/?post_type=product&#038;p=5491"},"modified":"2023-08-04T00:41:05","modified_gmt":"2023-08-03T22:41:05","slug":"tasse-mug-bicolore","status":"publish","type":"product","link":"https:\/\/old.b2com.africa\/index.php\/product\/tasse-mug-bicolore\/","title":{"rendered":"Tasse Mug bicolore"},"content":{"rendered":"<p>Un mug personnalis\u00e9 avec un slogan motivant, une citation, un visuel d&#8217;entreprise ou tout simplement avec le nom d&#8217;un collaborateur, reste toujours un cadeau \u00e0 forte valeur \u00e9motionnelle.<\/p>\n<p>A la maison comme au bureau, le matin au petit d\u00e9jeuner, ou apr\u00e8s une grasse matin\u00e9e&#8230; boire son caf\u00e9 dans un mug \u00e0 son effigie est un v\u00e9ritable bonheur !<\/p>\n<p>D\u00e8s aujourd&#8217;hui, faites plaisir \u00e0 vos proches, amis, collaborateurs ou partenaires en leur offrant un mug personnalis\u00e9.<\/p>\n<p>Vous pourrez y ajouter du texte, des photos ou tout simplement votre logo.<\/p>\n","protected":false},"excerpt":{"rendered":"<h1 class=\"title-small\">Mug personnalis\u00e9 : Impression recto, recto verso et panoramique<\/h1>\n","protected":false},"author":5,"featured_media":5347,"comment_status":"open","ping_status":"closed","template":"","meta":{"content-type":""},"product_cat":[146,66,150],"product_tag":[],"_links":{"self":[{"href":"https:\/\/old.b2com.africa\/index.php\/wp-json\/wp\/v2\/product\/5491"}],"collection":[{"href":"https:\/\/old.b2com.africa\/index.php\/wp-json\/wp\/v2\/product"}],"about":[{"href":"https:\/\/old.b2com.africa\/index.php\/wp-json\/wp\/v2\/types\/product"}],"author":[{"embeddable":true,"href":"https:\/\/old.b2com.africa\/index.php\/wp-json\/wp\/v2\/users\/5"}],"replies":[{"embeddable":true,"href":"https:\/\/old.b2com.africa\/index.php\/wp-json\/wp\/v2\/comments?post=5491"}],"version-history":[{"count":1,"href":"https:\/\/old.b2com.africa\/index.php\/wp-json\/wp\/v2\/product\/5491\/revisions"}],"predecessor-version":[{"id":5492,"href":"https:\/\/old.b2com.africa\/index.php\/wp-json\/wp\/v2\/product\/5491\/revisions\/5492"}],"wp:featuredmedia":[{"embeddable":true,"href":"https:\/\/old.b2com.africa\/index.php\/wp-json\/wp\/v2\/media\/5347"}],"wp:attachment":[{"href":"https:\/\/old.b2com.africa\/index.php\/wp-json\/wp\/v2\/media?parent=5491"}],"wp:term":[{"taxonomy":"product_cat","embeddable":true,"href":"https:\/\/old.b2com.africa\/index.php\/wp-json\/wp\/v2\/product_cat?post=5491"},{"taxonomy":"product_tag","embeddable":true,"href":"https:\/\/old.b2com.africa\/index.php\/wp-json\/wp\/v2\/product_tag?post=5491"}],"curies":[{"name":"wp","href":"https:\/\/api.w.org\/{rel}","templated":true}]}}