{"id":5467,"date":"2023-08-03T21:27:47","date_gmt":"2023-08-03T19:27:47","guid":{"rendered":"https:\/\/old.b2com.africa\/?post_type=product&#038;p=5467"},"modified":"2023-08-03T21:27:47","modified_gmt":"2023-08-03T19:27:47","slug":"sachets-pour-cafe","status":"publish","type":"product","link":"https:\/\/old.b2com.africa\/index.php\/product\/sachets-pour-cafe\/","title":{"rendered":"Sachets pour caf\u00e9"},"content":{"rendered":"<p>Les sachets pour caf\u00e9 sont suffisamment adapt\u00e9s pour tous vos besoins d\u2019emballage de caf\u00e9. Ils disposent de meilleures protections possibles. Disponibles en quatre tailles diff\u00e9rentes, ils sont dot\u00e9s d&#8217;un int\u00e9rieur en aluminium et d&#8217;une valve qui lib\u00e8re l&#8217;humidit\u00e9 produite naturellement, conservant ainsi les propri\u00e9t\u00e9s originales de votre produit.<\/p>\n","protected":false},"excerpt":{"rendered":"<h1 class=\"title-small\">Personnalisez votre packaging caf\u00e9 flexible et offrez de la douceur<\/h1>\n","protected":false},"author":5,"featured_media":5392,"comment_status":"open","ping_status":"closed","template":"","meta":{"content-type":""},"product_cat":[64,72,97],"product_tag":[],"_links":{"self":[{"href":"https:\/\/old.b2com.africa\/index.php\/wp-json\/wp\/v2\/product\/5467"}],"collection":[{"href":"https:\/\/old.b2com.africa\/index.php\/wp-json\/wp\/v2\/product"}],"about":[{"href":"https:\/\/old.b2com.africa\/index.php\/wp-json\/wp\/v2\/types\/product"}],"author":[{"embeddable":true,"href":"https:\/\/old.b2com.africa\/index.php\/wp-json\/wp\/v2\/users\/5"}],"replies":[{"embeddable":true,"href":"https:\/\/old.b2com.africa\/index.php\/wp-json\/wp\/v2\/comments?post=5467"}],"version-history":[{"count":1,"href":"https:\/\/old.b2com.africa\/index.php\/wp-json\/wp\/v2\/product\/5467\/revisions"}],"predecessor-version":[{"id":5468,"href":"https:\/\/old.b2com.africa\/index.php\/wp-json\/wp\/v2\/product\/5467\/revisions\/5468"}],"wp:featuredmedia":[{"embeddable":true,"href":"https:\/\/old.b2com.africa\/index.php\/wp-json\/wp\/v2\/media\/5392"}],"wp:attachment":[{"href":"https:\/\/old.b2com.africa\/index.php\/wp-json\/wp\/v2\/media?parent=5467"}],"wp:term":[{"taxonomy":"product_cat","embeddable":true,"href":"https:\/\/old.b2com.africa\/index.php\/wp-json\/wp\/v2\/product_cat?post=5467"},{"taxonomy":"product_tag","embeddable":true,"href":"https:\/\/old.b2com.africa\/index.php\/wp-json\/wp\/v2\/product_tag?post=5467"}],"curies":[{"name":"wp","href":"https:\/\/api.w.org\/{rel}","templated":true}]}}