{"id":5285,"date":"2023-08-01T21:17:44","date_gmt":"2023-08-01T19:17:44","guid":{"rendered":"https:\/\/old.b2com.africa\/?post_type=product&#038;p=5285"},"modified":"2023-08-29T18:57:34","modified_gmt":"2023-08-29T16:57:34","slug":"nappe-personnalisee","status":"publish","type":"product","link":"https:\/\/old.b2com.africa\/index.php\/product\/nappe-personnalisee\/","title":{"rendered":"Nappe personnalis\u00e9e"},"content":{"rendered":"<p>Impression de nappe personnalis\u00e9e sur-mesure de 1 x 1 m \u00e0 10 x 10 m<\/p>\n<p>Nappe de forme carr\u00e9e, rectangulaire, ronde ou ovale.<\/p>\n<p>Impression par sublimation sur maille stretch 260g\/m2<\/p>\n<p>Nappe lavable en textile qui permet un transport facile !<\/p>\n","protected":false},"excerpt":{"rendered":"<p>Impression de nappe personnalis\u00e9e sur-mesure de 1 x 1 m \u00e0 10 x 10 m Nappe de forme carr\u00e9e, rectangulaire, ronde ou ovale. Impression par sublimation sur maille stretch 260g\/m2 Nappe lavable en textile qui permet un transport facile !<\/p>\n","protected":false},"author":5,"featured_media":5281,"comment_status":"open","ping_status":"closed","template":"","meta":{"content-type":""},"product_cat":[111,365,65],"product_tag":[],"_links":{"self":[{"href":"https:\/\/old.b2com.africa\/index.php\/wp-json\/wp\/v2\/product\/5285"}],"collection":[{"href":"https:\/\/old.b2com.africa\/index.php\/wp-json\/wp\/v2\/product"}],"about":[{"href":"https:\/\/old.b2com.africa\/index.php\/wp-json\/wp\/v2\/types\/product"}],"author":[{"embeddable":true,"href":"https:\/\/old.b2com.africa\/index.php\/wp-json\/wp\/v2\/users\/5"}],"replies":[{"embeddable":true,"href":"https:\/\/old.b2com.africa\/index.php\/wp-json\/wp\/v2\/comments?post=5285"}],"version-history":[{"count":1,"href":"https:\/\/old.b2com.africa\/index.php\/wp-json\/wp\/v2\/product\/5285\/revisions"}],"predecessor-version":[{"id":5286,"href":"https:\/\/old.b2com.africa\/index.php\/wp-json\/wp\/v2\/product\/5285\/revisions\/5286"}],"wp:featuredmedia":[{"embeddable":true,"href":"https:\/\/old.b2com.africa\/index.php\/wp-json\/wp\/v2\/media\/5281"}],"wp:attachment":[{"href":"https:\/\/old.b2com.africa\/index.php\/wp-json\/wp\/v2\/media?parent=5285"}],"wp:term":[{"taxonomy":"product_cat","embeddable":true,"href":"https:\/\/old.b2com.africa\/index.php\/wp-json\/wp\/v2\/product_cat?post=5285"},{"taxonomy":"product_tag","embeddable":true,"href":"https:\/\/old.b2com.africa\/index.php\/wp-json\/wp\/v2\/product_tag?post=5285"}],"curies":[{"name":"wp","href":"https:\/\/api.w.org\/{rel}","templated":true}]}}