{"id":4997,"date":"2023-07-27T11:34:08","date_gmt":"2023-07-27T09:34:08","guid":{"rendered":"https:\/\/old.b2com.africa\/?post_type=product&#038;p=4997"},"modified":"2023-07-27T12:07:04","modified_gmt":"2023-07-27T10:07:04","slug":"roll-up-luxe-recto-verso","status":"publish","type":"product","link":"https:\/\/old.b2com.africa\/index.php\/product\/roll-up-luxe-recto-verso\/","title":{"rendered":"Roll up Luxe recto verso"},"content":{"rendered":"<p>Voyez double avec l\u2019enrouleur Original recto-verso : 2 visuels, pour 2 fois plus d\u2019impact sur un seul roll up !<\/p>\n<p>Utilisez-le dans l\u2019all\u00e9e d\u2019un salon, au milieu d\u2019un hall d\u2019exposition ou pour cr\u00e9er des cloisons sur votre stand.<\/p>\n<p>Pour ce faire, choisissez entre 2 visuels identiques ou diff\u00e9rents.<\/p>\n<p>Gr\u00e2ce \u00e0 sa structure en aluminium anodis\u00e9, le kak\u00e9mono d\u00e9roulant Original recto-verso est ultra r\u00e9sistant aux chocs et con\u00e7u pour un usage intensif : transportez-le sur tous vos salons, actions promotionnelles, r\u00e9unions, etc.<\/p>\n<p>2 mati\u00e8res au choix, certifi\u00e9es B1 (norme allemande anti-feu).<\/p>\n","protected":false},"excerpt":{"rendered":"<h1 class=\"title-small\">Roll up Original recto verso &#8211; Impression PLV haut de gamme<\/h1>\n","protected":false},"author":5,"featured_media":4998,"comment_status":"open","ping_status":"closed","template":"","meta":{"content-type":""},"product_cat":[159,67,160],"product_tag":[],"_links":{"self":[{"href":"https:\/\/old.b2com.africa\/index.php\/wp-json\/wp\/v2\/product\/4997"}],"collection":[{"href":"https:\/\/old.b2com.africa\/index.php\/wp-json\/wp\/v2\/product"}],"about":[{"href":"https:\/\/old.b2com.africa\/index.php\/wp-json\/wp\/v2\/types\/product"}],"author":[{"embeddable":true,"href":"https:\/\/old.b2com.africa\/index.php\/wp-json\/wp\/v2\/users\/5"}],"replies":[{"embeddable":true,"href":"https:\/\/old.b2com.africa\/index.php\/wp-json\/wp\/v2\/comments?post=4997"}],"version-history":[{"count":1,"href":"https:\/\/old.b2com.africa\/index.php\/wp-json\/wp\/v2\/product\/4997\/revisions"}],"predecessor-version":[{"id":5003,"href":"https:\/\/old.b2com.africa\/index.php\/wp-json\/wp\/v2\/product\/4997\/revisions\/5003"}],"wp:featuredmedia":[{"embeddable":true,"href":"https:\/\/old.b2com.africa\/index.php\/wp-json\/wp\/v2\/media\/4998"}],"wp:attachment":[{"href":"https:\/\/old.b2com.africa\/index.php\/wp-json\/wp\/v2\/media?parent=4997"}],"wp:term":[{"taxonomy":"product_cat","embeddable":true,"href":"https:\/\/old.b2com.africa\/index.php\/wp-json\/wp\/v2\/product_cat?post=4997"},{"taxonomy":"product_tag","embeddable":true,"href":"https:\/\/old.b2com.africa\/index.php\/wp-json\/wp\/v2\/product_tag?post=4997"}],"curies":[{"name":"wp","href":"https:\/\/api.w.org\/{rel}","templated":true}]}}