{"id":4859,"date":"2023-07-16T21:46:48","date_gmt":"2023-07-16T19:46:48","guid":{"rendered":"https:\/\/old.b2com.africa\/?post_type=product&#038;p=4859"},"modified":"2023-07-16T21:46:50","modified_gmt":"2023-07-16T19:46:50","slug":"cartes-pvc-avec-bande-magnetique","status":"publish","type":"product","link":"https:\/\/old.b2com.africa\/index.php\/product\/cartes-pvc-avec-bande-magnetique\/","title":{"rendered":"Cartes PVC avec bande magn\u00e9tique"},"content":{"rendered":"<p>Pourquoi choisir une carte PVC avec bande magn\u00e9tique ?<\/p>\n<p>Pour ses qualit\u00e9s ultra r\u00e9sistante, pour vous d\u00e9marquer avec un support moins conventionnel, pour un rendu original et top qualit\u00e9 !<\/p>\n<p>Utilis\u00e9es dans les secteurs professionnels et commerciaux, les cartes avec bande magn\u00e9tique sont id\u00e9ales pour les processus de paiement automatis\u00e9s comme les paiements avec des cartes pr\u00e9pay\u00e9es ou pour les processus d&#8217;identification comme pour l&#8217;acc\u00e8s aux bureaux ou aux chambres d&#8217;h\u00f4tel.<\/p>\n<p>Choisissez l\u2019option avec trou pour pouvoir y glisser un cordon ou accrocher votre carte plastique \u00e0 votre tour de cou, pratique pour ne pas la perdre !<\/p>\n","protected":false},"excerpt":{"rendered":"<h1 class=\"title-small\">Carte magn\u00e9tique personnalis\u00e9e &#8211; Carte cadeau, badge PVC<\/h1>\n","protected":false},"author":5,"featured_media":4860,"comment_status":"open","ping_status":"closed","template":"","meta":{"content-type":""},"product_cat":[75,69,64],"product_tag":[],"_links":{"self":[{"href":"https:\/\/old.b2com.africa\/index.php\/wp-json\/wp\/v2\/product\/4859"}],"collection":[{"href":"https:\/\/old.b2com.africa\/index.php\/wp-json\/wp\/v2\/product"}],"about":[{"href":"https:\/\/old.b2com.africa\/index.php\/wp-json\/wp\/v2\/types\/product"}],"author":[{"embeddable":true,"href":"https:\/\/old.b2com.africa\/index.php\/wp-json\/wp\/v2\/users\/5"}],"replies":[{"embeddable":true,"href":"https:\/\/old.b2com.africa\/index.php\/wp-json\/wp\/v2\/comments?post=4859"}],"version-history":[{"count":1,"href":"https:\/\/old.b2com.africa\/index.php\/wp-json\/wp\/v2\/product\/4859\/revisions"}],"predecessor-version":[{"id":4861,"href":"https:\/\/old.b2com.africa\/index.php\/wp-json\/wp\/v2\/product\/4859\/revisions\/4861"}],"wp:featuredmedia":[{"embeddable":true,"href":"https:\/\/old.b2com.africa\/index.php\/wp-json\/wp\/v2\/media\/4860"}],"wp:attachment":[{"href":"https:\/\/old.b2com.africa\/index.php\/wp-json\/wp\/v2\/media?parent=4859"}],"wp:term":[{"taxonomy":"product_cat","embeddable":true,"href":"https:\/\/old.b2com.africa\/index.php\/wp-json\/wp\/v2\/product_cat?post=4859"},{"taxonomy":"product_tag","embeddable":true,"href":"https:\/\/old.b2com.africa\/index.php\/wp-json\/wp\/v2\/product_tag?post=4859"}],"curies":[{"name":"wp","href":"https:\/\/api.w.org\/{rel}","templated":true}]}}