{"id":4856,"date":"2023-07-16T21:28:00","date_gmt":"2023-07-16T19:28:00","guid":{"rendered":"https:\/\/old.b2com.africa\/?post_type=product&#038;p=4856"},"modified":"2023-07-16T21:28:18","modified_gmt":"2023-07-16T19:28:18","slug":"badges-professionnels","status":"publish","type":"product","link":"https:\/\/old.b2com.africa\/index.php\/product\/badges-professionnels\/","title":{"rendered":"Badges professionnels"},"content":{"rendered":"<p>Les badges en PVC sont un outil extr\u00eamement utile non seulement pour identifier les employ\u00e9s ou les visiteurs, mais aussi pour promouvoir votre entreprise.<\/p>\n<p>Ils sont con\u00e7us pour \u00eatre utilis\u00e9s comme carte professionnelle, carte d&#8217;acc\u00e8s, badge d&#8217;identification ou badge \u00e9v\u00e9nement pour les foires commerciales et les concerts.<\/p>\n<p>Diff\u00e9rents supports et couleurs de base disponibles.<\/p>\n","protected":false},"excerpt":{"rendered":"<h1 class=\"title-small\">La carte en PVC avec perforation : un badge aux multiples usages.<\/h1>\n","protected":false},"author":5,"featured_media":4857,"comment_status":"open","ping_status":"closed","template":"","meta":{"content-type":""},"product_cat":[75,69,64],"product_tag":[],"_links":{"self":[{"href":"https:\/\/old.b2com.africa\/index.php\/wp-json\/wp\/v2\/product\/4856"}],"collection":[{"href":"https:\/\/old.b2com.africa\/index.php\/wp-json\/wp\/v2\/product"}],"about":[{"href":"https:\/\/old.b2com.africa\/index.php\/wp-json\/wp\/v2\/types\/product"}],"author":[{"embeddable":true,"href":"https:\/\/old.b2com.africa\/index.php\/wp-json\/wp\/v2\/users\/5"}],"replies":[{"embeddable":true,"href":"https:\/\/old.b2com.africa\/index.php\/wp-json\/wp\/v2\/comments?post=4856"}],"version-history":[{"count":1,"href":"https:\/\/old.b2com.africa\/index.php\/wp-json\/wp\/v2\/product\/4856\/revisions"}],"predecessor-version":[{"id":4858,"href":"https:\/\/old.b2com.africa\/index.php\/wp-json\/wp\/v2\/product\/4856\/revisions\/4858"}],"wp:featuredmedia":[{"embeddable":true,"href":"https:\/\/old.b2com.africa\/index.php\/wp-json\/wp\/v2\/media\/4857"}],"wp:attachment":[{"href":"https:\/\/old.b2com.africa\/index.php\/wp-json\/wp\/v2\/media?parent=4856"}],"wp:term":[{"taxonomy":"product_cat","embeddable":true,"href":"https:\/\/old.b2com.africa\/index.php\/wp-json\/wp\/v2\/product_cat?post=4856"},{"taxonomy":"product_tag","embeddable":true,"href":"https:\/\/old.b2com.africa\/index.php\/wp-json\/wp\/v2\/product_tag?post=4856"}],"curies":[{"name":"wp","href":"https:\/\/api.w.org\/{rel}","templated":true}]}}