{"id":4679,"date":"2023-07-15T14:50:18","date_gmt":"2023-07-15T12:50:18","guid":{"rendered":"https:\/\/old.b2com.africa\/?post_type=product&#038;p=4679"},"modified":"2023-07-15T14:50:20","modified_gmt":"2023-07-15T12:50:20","slug":"carte-de-voeux-ecologie","status":"publish","type":"product","link":"https:\/\/old.b2com.africa\/index.php\/product\/carte-de-voeux-ecologie\/","title":{"rendered":"Carte de v\u0153ux Ecologie"},"content":{"rendered":"<p class=\"p1\">Aujourd\u2019hui, nombreux sont ceux qui multiplient les gestes pour l\u2019environnement et appr\u00e9cieront grandement une carte qui leur rappelle l\u2019essentiel.<\/p>\n<p class=\"p1\">Ce mod\u00e8le tr\u00e8s nature est une valeur s\u00fbre qui ne peut \u00eatre que valoris\u00e9. Exprimez votre conscience \u00e9cologique en choisissant cette carte de v\u0153ux pro au visuel \u00e9pur\u00e9 pour vos v\u0153ux entreprise 2023.<\/p>\n<p class=\"p1\">Ainsi, vous renforcerez votre image de marque dans un contexte o\u00f9 la consommation se veut toujours plus \u00e9co-responsable. Transmettez vos valeurs \u00e0 vos correspondants pour vous diriger ensemble vers un avenir plus vert.<\/p>\n<p class=\"p1\">Montrez-leur que vous participez au changement !<\/p>\n","protected":false},"excerpt":{"rendered":"<h2 class=\"p1\">Cultivons l&#8217;avenir.<\/h2>\n","protected":false},"author":5,"featured_media":4693,"comment_status":"open","ping_status":"closed","template":"","meta":{"content-type":""},"product_cat":[74,69,64],"product_tag":[],"_links":{"self":[{"href":"https:\/\/old.b2com.africa\/index.php\/wp-json\/wp\/v2\/product\/4679"}],"collection":[{"href":"https:\/\/old.b2com.africa\/index.php\/wp-json\/wp\/v2\/product"}],"about":[{"href":"https:\/\/old.b2com.africa\/index.php\/wp-json\/wp\/v2\/types\/product"}],"author":[{"embeddable":true,"href":"https:\/\/old.b2com.africa\/index.php\/wp-json\/wp\/v2\/users\/5"}],"replies":[{"embeddable":true,"href":"https:\/\/old.b2com.africa\/index.php\/wp-json\/wp\/v2\/comments?post=4679"}],"version-history":[{"count":1,"href":"https:\/\/old.b2com.africa\/index.php\/wp-json\/wp\/v2\/product\/4679\/revisions"}],"predecessor-version":[{"id":4696,"href":"https:\/\/old.b2com.africa\/index.php\/wp-json\/wp\/v2\/product\/4679\/revisions\/4696"}],"wp:featuredmedia":[{"embeddable":true,"href":"https:\/\/old.b2com.africa\/index.php\/wp-json\/wp\/v2\/media\/4693"}],"wp:attachment":[{"href":"https:\/\/old.b2com.africa\/index.php\/wp-json\/wp\/v2\/media?parent=4679"}],"wp:term":[{"taxonomy":"product_cat","embeddable":true,"href":"https:\/\/old.b2com.africa\/index.php\/wp-json\/wp\/v2\/product_cat?post=4679"},{"taxonomy":"product_tag","embeddable":true,"href":"https:\/\/old.b2com.africa\/index.php\/wp-json\/wp\/v2\/product_tag?post=4679"}],"curies":[{"name":"wp","href":"https:\/\/api.w.org\/{rel}","templated":true}]}}