{"id":4608,"date":"2023-07-15T00:29:50","date_gmt":"2023-07-14T22:29:50","guid":{"rendered":"https:\/\/old.b2com.africa\/?post_type=product&#038;p=4608"},"modified":"2023-07-15T00:33:14","modified_gmt":"2023-07-14T22:33:14","slug":"cartes-de-visite-coins-arrondis","status":"publish","type":"product","link":"https:\/\/old.b2com.africa\/index.php\/product\/cartes-de-visite-coins-arrondis\/","title":{"rendered":"Cartes de visite Coins arrondis"},"content":{"rendered":"<p>Misez sur les cartes de visite avec coins arrondis pour vous d\u00e9marquer et faire conna\u00eetre votre marque! Les angles arrondis marqueront l\u2019originalit\u00e9 de la carte de visite tout en restant sobre et \u00e9l\u00e9gante. Parfaites pour distinguer votre entreprise et faire en sorte qu&#8217;on se souvienne de vous, les cartes de visite avec coins arrondis se glisseront facilement dans un portefeuille ou un porte-cartes.<\/p>\n<p>Plusieurs finitions disponibles.<\/p>\n<p>Dimensions : 9 x 5 cm<\/p>\n<p>Pr\u00e9ciser \u00e0 la commande si vous souhaitez un papier couch\u00e9 brillant ou couch\u00e9 mat, cela n&#8217;aura aucun incident sur le prix.<\/p>\n","protected":false},"excerpt":{"rendered":"<h1 class=\"title-small\">Impression carte de visite arrondie &#8211; Carte personnalis\u00e9e originale<\/h1>\n","protected":false},"author":5,"featured_media":4609,"comment_status":"open","ping_status":"closed","template":"","meta":{"content-type":""},"product_cat":[73,69,64],"product_tag":[],"_links":{"self":[{"href":"https:\/\/old.b2com.africa\/index.php\/wp-json\/wp\/v2\/product\/4608"}],"collection":[{"href":"https:\/\/old.b2com.africa\/index.php\/wp-json\/wp\/v2\/product"}],"about":[{"href":"https:\/\/old.b2com.africa\/index.php\/wp-json\/wp\/v2\/types\/product"}],"author":[{"embeddable":true,"href":"https:\/\/old.b2com.africa\/index.php\/wp-json\/wp\/v2\/users\/5"}],"replies":[{"embeddable":true,"href":"https:\/\/old.b2com.africa\/index.php\/wp-json\/wp\/v2\/comments?post=4608"}],"version-history":[{"count":1,"href":"https:\/\/old.b2com.africa\/index.php\/wp-json\/wp\/v2\/product\/4608\/revisions"}],"predecessor-version":[{"id":4610,"href":"https:\/\/old.b2com.africa\/index.php\/wp-json\/wp\/v2\/product\/4608\/revisions\/4610"}],"wp:featuredmedia":[{"embeddable":true,"href":"https:\/\/old.b2com.africa\/index.php\/wp-json\/wp\/v2\/media\/4609"}],"wp:attachment":[{"href":"https:\/\/old.b2com.africa\/index.php\/wp-json\/wp\/v2\/media?parent=4608"}],"wp:term":[{"taxonomy":"product_cat","embeddable":true,"href":"https:\/\/old.b2com.africa\/index.php\/wp-json\/wp\/v2\/product_cat?post=4608"},{"taxonomy":"product_tag","embeddable":true,"href":"https:\/\/old.b2com.africa\/index.php\/wp-json\/wp\/v2\/product_tag?post=4608"}],"curies":[{"name":"wp","href":"https:\/\/api.w.org\/{rel}","templated":true}]}}